7*l**2 - 31*l - 3. Let c(q) be the second derivative of q**4/4 - 5*q**3/2 - q**2 - q - 53. Let v(n) = -9*c(n) + 4*h(n). What is v(-6)?
-24
Suppose -18*k + 217 = 6*k + 7*k. Let d(x) = 5*x - 18. Calculate d(k).
17
Let p(b) = -10*b**2 + 57*b - 479. Let w(d) = -3*d**2 + 19*d - 135. Let q(v) = 2*p(v) - 7*w(v). What is q(20)?
7
Let w(i) = -19*i**2 + 1073*i + 207. Let h(x) = -5*x**2 + 287*x + 52. Let z(t) = 15*h(t) - 4*w(t). Determine z(-16).
0
Let w(q) = q**2 + q + 6. Let k(v) be the second derivative of v**5/20 + 7*v**4/12 + v**3/3 - 12*v**2 - 91*v. Let x be k(-6). Calculate w(x).
6
Let t(z) = z**2 + 55*z - 582. Let k be t(-64). Let m(p) = p**3 + 8*p**2 + 8*p - 27. Determine m(k).
-3
Suppose 0 = 17*k - 18*k + 5*l + 5, 0 = -2*k + 5*l + 10. Let d(i) = -i - 1. What is d(k)?
-6
Let t = -10 - -14. Let k(u) = -9*u**3 + 5*u**2 + u - 4. Let x(j) = 38*j**3 - 20*j**2 - 5*j + 17. Let a(g) = 17*k(g) + 4*x(g). Give a(t).
4
Let l(u) be the first derivative of 2*u**3 - 13*u**2 - 27*u - 72. Let d be l(-1). Let r(b) = b - 7. What is r(d)?
-2
Let q(c) = -c**3 + 6*c**2 - 4*c + 3. Let s = -99 - -99. Let u be (-2 + s)/(-7 + (-366)/(-54)). Let p(o) = o**2 - 11*o + 23. Let h be p(u). Give q(h).
8
Let d = 314 + -309. Suppose -6*h + d*h = k + 6, 3*h + 2*k + 14 = 0. Let m(q) = 2*q**2 + 2*q + 1. Calculate m(h).
5
Let d(x) be the first derivative of 2*x**3/3 - 10*x**2 - 12*x + 81. Let j(p) = p**2 - 10*p - 6. Let t(y) = 4*d(y) - 9*j(y). Give t(10).
6
Suppose 12 + 4 = -2*m. Suppose -167 = 9*b - 221. Let s be m/(-2) + -2*3/b. Let l(j) = -j**3 + 4*j**2 - 2*j - 3. Determine l(s).
0
Let n(x) be the first derivative of 0*x - 1/40*x**5 + 14 + 1/360*x**6 - 1/6*x**4 + 0*x**2 + 22/3*x**3. Let f(a) be the third derivative of n(a). What is f(3)?
-4
Let m(u) = u**2 + 2365*u - 9592*u + 2383*u + 2384*u + 455 + 2379*u. What is m(6)?
5
Let o(h) be the second derivative of -5*h**3/6 - 10*h - 67. Let c = 0 - -4. What is o(c)?
-20
Let q(z) = -2*z**3 - 56*z**2 + 62*z + 118. Let i be (((-6)/44)/((-120)/220))/((-4)/464). Give q(i).
2
Let r = -775 + 782. Let a(j) = -j - 17. What is a(r)?
-24
Let i(c) = -2*c**2 + 1. Let d(t) = 10*t**2 + 2*t + 5 + 6*t**2 - 9. Let o(g) = d(g) + 6*i(g). Determine o(-3).
32
Let d(n) = 99*n + 102*n - 297*n + 31 + 95*n - n**2. Let v be 1/1*(2 - 2). Determine d(v).
31
Let h(s) = -14*s**2 + 43*s - 83. Let t(y) = 6*y**2 - 21*y + 41. Let m(d) = 2*h(d) + 5*t(d). What is m(5)?
-6
Suppose -2*h - z - 7 = 0, 5*h - z + 12 = -9. Let x(v) be the second derivative of v**4/12 - v**3/3 - 2*v**2 - 64*v - 102. Determine x(h).
20
Let j(i) be the third derivative of -1/10*i**5 - 16*i**2 - 1 + 0*i**4 + 1/6*i**3 + 0*i. What is j(-2)?
-23
Suppose -2*c - 12 = -2*z, 50 - 80 = -5*z - 2*c. Let s(j) = 2*j**2 - 10*j + 15. Give s(z).
27
Suppose -6*a = -2*a - 28. Let h(z) = z**2 + 3 - 13 - 2*z**2 + 1324*z + 1419*z - 2733*z. Calculate h(a).
11
Let u(h) = -h + 8. Suppose 3*k - 4 = -5*z - 14, 3*z = -4*k - 6. Give u(k).
8
Let i(p) = -2*p + 7 + 4*p + p**2 - 2*p**2 + 2*p. Let d be (-21)/(-9)*(-615)/(-287). Calculate i(d).
2
Let t(c) = -31*c**2 + 43 + 10*c + 5*c**3 + 33 - 13*c - 4*c**3 - 31*c. Determine t(32).
12
Let f(v) = 24 - 43 + 20 + 3*v + 2*v. Let c(x) = 6*x + 1. Let s(u) = -4*c(u) + 5*f(u). Calculate s(-4).
-3
Let g be (5*2)/(4 + -6). Let p(a) = 5 - 34*a**2 + 2687*a - 25*a**2 + a**3 + 61*a**2 - 2690*a + 1. Calculate p(g).
-54
Let s(b) = 12*b + 60. Let l = 3375 + -3380. Determine s(l).
0
Let f = 0 - -1. Let x(z) = -4 - f - 143*z - 5*z**2 + 146*z + z**3. Suppose 4*q - 26 + 10 = 0. Determine x(q).
-9
Let m(z) = -29*z**2 + 12 + 23*z**2 + 313*z**3 - 9 + 8*z - 312*z**3. What is m(4)?
3
Let p(b) = 3*b - b**3 - 2694 + 2704 + 2*b - 10*b**2 + 4*b - 7*b. Suppose 3*i + 32 = 2. Calculate p(i).
-10
Suppose -a - 5 = -1, -2*f - 2*a = -182. Suppose -15*o + f = -40. Let n(z) = z**2 - 7*z - 6. What is n(o)?
12
Let d(p) = p**3 + 15*p**2 + 12*p - 15. Suppose 102*s - 182 = 115*s. What is d(s)?
13
Let i(d) = d**2 - 13*d + 35. Let b = -704 + 718. What is i(b)?
49
Let m(o) = 2*o - o + 151440 - 151437. Suppose 0 = -4*l - 3*i - 12, -2*l + 5*l + 12 = -3*i. Let s be m(l). Let h(j) = -j + 6. What is h(s)?
3
Let o(g) = -23*g - 11. Let j(y) = -35*y - 16. Let t(w) = -5*j(w) + 7*o(w). Suppose 114*d + 118 + 20 = -90. What is t(d)?
-25
Let h be (-5)/(140/(-36)) - (-23302)/(-854). Let s(u) = -u**2 - 29*u - 9. Determine s(h).
69
Let s(z) = -z - 3. Let q(b) = -b - 2. Let k = -195 + 205. Let l(w) = k*q(w) - 6*s(w). Calculate l(2).
-10
Let p(a) = 24*a + 89. Suppose x + 255*c - 256*c = -9, 2*c + 2 = -3*x. Give p(x).
-7
Let m(p) = p**3 - 9*p**2 + 8*p - 1. Let s = 44 - 36. Suppose 25 = s*l - 3*l. Suppose -3*c + 4 = -0*c - l*i, 24 = 2*c + 2*i. Calculate m(c).
-1
Let b(v) = v**3 - 11*v**2 + 9*v - 1. Let p(u) = u**3 + 8*u**2 - 27*u - 60. Let s be p(-10). Determine b(s).
-11
Let m(q) = 1 + 5*q - 1 - 2. Let w be (78/(-26) + 19)/(-4). Give m(w).
-22
Suppose 5*o - 10 = -0. Let z(f) = 22*f**3 + 63*f**2 - 8*f + 42. Let i(c) = -13*c**3 - 37*c**2 + 5*c - 25. Let m(k) = 17*i(k) + 10*z(k). Determine m(o).
1
Let c be 10780/550 + (-2)/(-5). Let q(v) = v - 36. What is q(c)?
-16
Let b(z) = z**2 - 13*z - 108. Let v = -823 - -842. Calculate b(v).
6
Let q(b) = -b + 1. Let i(n) = 5*n - 7. Let k(l) = -i(l) - 4*q(l). Suppose -3*v + 0*v = -18. Let j(z) = -z + 4. Let y(s) = v*k(s) - 5*j(s). Calculate y(2).
-4
Let q(p) = -8 + 148617*p + 20 - 148592*p - 28 - 3*p**2 - 24. Determine q(5).
10
Let y(b) = -b - 7. Let n(w) = 20*w**2 - 4*w + 5. Let i be n(1). Suppose i = -5*r + l, -3*r + r = 4*l + 26. Give y(r).
-2
Let x(g) be the third derivative of g**7/2520 - g**6/360 - g**5/15 - 265*g**4/24 - 102*g**2. Let a(w) be the second derivative of x(w). What is a(4)?
0
Let a(o) = -120*o + 34 + 63*o + 78*o - o**2. What is a(23)?
-12
Let q = 280 + -276. Let y(v) = 3*v - 4. Let c(o) = 24*o - 33. Suppose 136 = -3*f - f - x, -2*f = 3*x + 78. Let a(u) = f*y(u) + q*c(u). Give a(-1).
3
Let r = 13 + -11. Let b(o) be the first derivative of -74 - r*o**2 - 2*o + 37 + 0*o**2. Calculate b(2).
-10
Let w(b) be the first derivative of -5*b**2 - 1/3*b**3 - 9*b + 62. Determine w(-8).
7
Let n(a) = -7*a - 3 - 2*a - 6*a + a**3 - 12*a + 28*a - 4*a**2. Determine n(2).
-9
Let i = -38700 - -38696. Let k(c) = -2*c**2 - 56*c - 192. What is k(i)?
0
Let o be (218*1)/((3 - -2) + -7). Let m = o + 108. Let c(l) = 12*l. Calculate c(m).
-12
Let z = -318 + 323. Let s(a) = 9473 - 9469 - z*a + 3*a. Determine s(5).
-6
Let f(h) = -21*h**2 + 20. Let o be f(-4). Let p = 321 + o. Let w(q) = q**2 - 4*q - 12. Calculate w(p).
-7
Let u(r) = -r**2 - 11*r + 7. Let a = -6 + 12. Let s(m) = m - 1. Let z(t) = a*s(t) + u(t). Suppose 4*w + 5 = 3*w. Calculate z(w).
1
Let n be ((-100)/5)/(-4) - -60. Let y = 73 - n. Suppose s + w + 0*w - y = 0, 0 = -2*s - 5*w + 19. Let c(j) = -j**2 + 6*j - 4. What is c(s)?
-11
Let k(c) be the second derivative of -c**3/6 - c**2/2 + 47*c + 15. Determine k(-4).
3
Let f(q) = -19*q**2 - 2071*q + 12. Let c be f(-109). Let y(v) = 2*v**2 - 30*v + 2. Calculate y(c).
-70
Suppose -9*c = -6*c + 15, -6*l - 4*c = -16. Let d(i) be the first derivative of l - i - 1/4*i**4 - 5/3*i**3 - 5/2*i**2. What is d(-4)?
3
Let n(s) = -21553*s**2 + 21544*s**2 + 2 - 5. What is n(3)?
-84
Let x(o) = 2*o**2 + 3*o - 13. Let a be x(-3). Let k(q) be the first derivative of -q**2/2 - 6*q + 32. Give k(a).
-2
Let j(b) be the second derivative of 2/3*b**3 - 21*b - 1 + 1/2*b**2. What is j(-3)?
-11
Let m(s) = s**3 - 6*s**2 + 4*s. Let c = 1362 + -1358. Determine m(c).
-16
Let r(i) = i**3 - 4. Suppose w + 264*u - 259*u - 17 = 0, -u + 3 = 0. Give r(w).
4
Suppose 0 = 4*v - 8, -3*v = 6*c - 2*c - 6. Suppose -y = -6*y, -3*m - y + 12 = c. Let b be (-8 - 0)*6/m. Let d(j) = j + 17. Calculate d(b).
5
Let h(n) = -n**3 + 3*n**2 - 4*n + 1. Let j(r) = 3*r**2 + 4*r - 1. Let l be j(-2). Determine h(l).
-11
Let z(h) = h**3 + 3*h**2 - 3. Let f be z(-2). Let a(j) be the third derivative of j**5/10 + j**4/12 - j**3/6 + 8*j**2 - 51*j. Calculate a(f).
7
Let p = 671 + -668. Let h(u) = 2 - 43*u**2 - p*u + 2*u**2 + 38*u**2. Calculate h(2).
-16
Let l(v) = -40*v**3 + v. Let r(y) = -2*y**3 + 25*y**2 + 36*y - 300. Let p be r(13). Give l(p).
39
Let b(j) = 2*j**3 - 11*j**2 - 3*j + 3. Let x be b(18). Let z(s) = 2*s + x + 0*s - 8050 - s**3. Calculate z(1).
0
Let l(u) = 54 - 2